{"id":23371,"date":"2025-11-06T09:15:40","date_gmt":"2025-11-06T06:15:40","guid":{"rendered":"https:\/\/labohemmebodrum.com\/?page_id=23371"},"modified":"2026-01-05T01:00:33","modified_gmt":"2026-01-04T22:00:33","slug":"beach-bar","status":"publish","type":"page","link":"https:\/\/labohemmebodrum.com\/?page_id=23371","title":{"rendered":"Beach &#038; Bar"},"content":{"rendered":"\t\t<div data-elementor-type=\"wp-page\" data-elementor-id=\"23371\" class=\"elementor elementor-23371\">\n\t\t\t\t\t\t<section class=\"elementor-section elementor-top-section elementor-element elementor-element-f335827 elementor-section-boxed elementor-section-height-default elementor-section-height-default sc_fly_static\" data-id=\"f335827\" data-element_type=\"section\" data-settings=\"{&quot;background_background&quot;:&quot;classic&quot;}\">\n\t\t\t\t\t\t\t<div class=\"elementor-background-overlay\"><\/div>\n\t\t\t\t\t\t\t<div class=\"elementor-container elementor-column-gap-extended\">\n\t\t\t\t\t<div class=\"elementor-column elementor-col-100 elementor-top-column elementor-element elementor-element-2236584 sc_content_align_inherit sc_layouts_column_icons_position_left sc_fly_static\" data-id=\"2236584\" data-element_type=\"column\">\n\t\t\t<div class=\"elementor-widget-wrap elementor-element-populated\">\n\t\t\t\t\t\t<div class=\"elementor-element elementor-element-1575118 sc_fly_static elementor-widget elementor-widget-spacer\" data-id=\"1575118\" data-element_type=\"widget\" data-widget_type=\"spacer.default\">\n\t\t\t\t<div class=\"elementor-widget-container\">\n\t\t\t\t\t\t\t<div class=\"elementor-spacer\">\n\t\t\t<div class=\"elementor-spacer-inner\"><\/div>\n\t\t<\/div>\n\t\t\t\t\t\t<\/div>\n\t\t\t\t<\/div>\n\t\t\t\t<div class=\"elementor-element elementor-element-8c5dc57 scheme_dark sc_fly_static elementor-widget elementor-widget-trx_sc_layouts_title\" data-id=\"8c5dc57\" data-element_type=\"widget\" data-widget_type=\"trx_sc_layouts_title.default\">\n\t\t\t\t<div class=\"elementor-widget-container\">\n\t\t\t\t\t<div class=\"sc_layouts_title sc_align_center with_content without_image without_tint\" ><div class=\"sc_layouts_title_content\"><div class=\"sc_layouts_title_title\"><h1 class=\"sc_layouts_title_caption\">Beach &#038; Bar<\/h1><\/div><\/div><\/div>\t\t\t\t<\/div>\n\t\t\t\t<\/div>\n\t\t\t\t<div class=\"elementor-element elementor-element-5526be2 sc_fly_static elementor-widget elementor-widget-spacer\" data-id=\"5526be2\" data-element_type=\"widget\" data-widget_type=\"spacer.default\">\n\t\t\t\t<div class=\"elementor-widget-container\">\n\t\t\t\t\t\t\t<div class=\"elementor-spacer\">\n\t\t\t<div class=\"elementor-spacer-inner\"><\/div>\n\t\t<\/div>\n\t\t\t\t\t\t<\/div>\n\t\t\t\t<\/div>\n\t\t\t\t\t<\/div>\n\t\t<\/div>\n\t\t\t\t\t<\/div>\n\t\t<\/section>\n\t\t\t\t<section class=\"elementor-section elementor-top-section elementor-element elementor-element-c3b688c elementor-section-full_width elementor-section-height-default elementor-section-height-default sc_fly_static\" data-id=\"c3b688c\" data-element_type=\"section\">\n\t\t\t\t\t\t<div class=\"elementor-container elementor-column-gap-no\">\n\t\t\t\t\t<div class=\"elementor-column elementor-col-50 elementor-top-column elementor-element elementor-element-cbb6d0f sc_content_align_inherit sc_layouts_column_icons_position_left sc_fly_static\" data-id=\"cbb6d0f\" data-element_type=\"column\">\n\t\t\t<div class=\"elementor-widget-wrap elementor-element-populated\">\n\t\t\t\t\t\t<div class=\"elementor-element elementor-element-e668ffd elementor-widget__width-initial sc_fly_static elementor-widget elementor-widget-trx_sc_title\" data-id=\"e668ffd\" data-element_type=\"widget\" data-widget_type=\"trx_sc_title.default\">\n\t\t\t\t<div class=\"elementor-widget-container\">\n\t\t\t\t\t<div\t\tclass=\"sc_title sc_title_default\" ><span class=\"sc_item_subtitle sc_title_subtitle sc_align_left sc_item_subtitle_above sc_item_title_style_default\">Beach & bar<\/span><h1 class=\"sc_item_title sc_title_title sc_align_left sc_item_title_style_default sc_item_title_tag\"\n\t\t\t><span class=\"sc_item_title_text\">G\u00fcne\u015fin alt\u0131nda taze lezzetler, denizin mavili\u011finde zarif tabaklar\u2026\n<\/span><\/h1><\/div>\t\t\t\t<\/div>\n\t\t\t\t<\/div>\n\t\t\t\t<div class=\"elementor-element elementor-element-cc8675c sc_fly_static elementor-widget elementor-widget-spacer\" data-id=\"cc8675c\" data-element_type=\"widget\" data-widget_type=\"spacer.default\">\n\t\t\t\t<div class=\"elementor-widget-container\">\n\t\t\t\t\t\t\t<div class=\"elementor-spacer\">\n\t\t\t<div class=\"elementor-spacer-inner\"><\/div>\n\t\t<\/div>\n\t\t\t\t\t\t<\/div>\n\t\t\t\t<\/div>\n\t\t\t\t<div class=\"elementor-element elementor-element-6f03688 sc_fly_static elementor-widget elementor-widget-text-editor\" data-id=\"6f03688\" data-element_type=\"widget\" data-widget_type=\"text-editor.default\">\n\t\t\t\t<div class=\"elementor-widget-container\">\n\t\t\t\t\t\t\t\t\t<p><span style=\"font-weight: 400;\">G\u00fcnd\u00fcz men\u00fcs\u00fc; Bodrum\u2019un hafifli\u011fini, Ege\u2019nin do\u011fall\u0131\u011f\u0131n\u0131 ve Akdeniz\u2019in renkli ruhunu bir araya getiriyor.<\/span><span style=\"font-weight: 400;\"><br \/><\/span><span style=\"font-weight: 400;\">S\u0131cak kumlar\u0131n \u00fcst\u00fcnde uzan\u0131rken, \u00f6zenle haz\u0131rlanan tabaklar ve yarat\u0131c\u0131 sunumlarla tatil hissi t\u00fcm duyular\u0131n\u0131za yay\u0131l\u0131yor.<\/span><span style=\"font-weight: 400;\"><br \/><\/span><span style=\"font-weight: 400;\">Kahvalt\u0131dan pizzalara, salatalardan el yap\u0131m\u0131 burger\u2019lara kadar her tabakta denge, tazelik ve lezzet bir arada.<\/span><\/p>\t\t\t\t\t\t\t\t<\/div>\n\t\t\t\t<\/div>\n\t\t\t\t<div class=\"elementor-element elementor-element-91d7fe6 sc_fly_static elementor-widget elementor-widget-spacer\" data-id=\"91d7fe6\" data-element_type=\"widget\" data-widget_type=\"spacer.default\">\n\t\t\t\t<div class=\"elementor-widget-container\">\n\t\t\t\t\t\t\t<div class=\"elementor-spacer\">\n\t\t\t<div class=\"elementor-spacer-inner\"><\/div>\n\t\t<\/div>\n\t\t\t\t\t\t<\/div>\n\t\t\t\t<\/div>\n\t\t\t\t<div class=\"elementor-element elementor-element-756bbb1 sc_fly_static elementor-widget elementor-widget-spacer\" data-id=\"756bbb1\" data-element_type=\"widget\" data-widget_type=\"spacer.default\">\n\t\t\t\t<div class=\"elementor-widget-container\">\n\t\t\t\t\t\t\t<div class=\"elementor-spacer\">\n\t\t\t<div class=\"elementor-spacer-inner\"><\/div>\n\t\t<\/div>\n\t\t\t\t\t\t<\/div>\n\t\t\t\t<\/div>\n\t\t\t\t\t<\/div>\n\t\t<\/div>\n\t\t\t\t<div data-animation-type=\"block\" class=\"elementor-column elementor-col-50 elementor-top-column elementor-element elementor-element-ff84ac3 sc_content_align_inherit sc_layouts_column_icons_position_left animation_type_block sc_fly_static elementor-invisible\" data-id=\"ff84ac3\" data-element_type=\"column\" data-settings=\"{&quot;background_background&quot;:&quot;classic&quot;,&quot;animation&quot;:&quot;legacy-fadein&quot;,&quot;animation_delay&quot;:500}\">\n\t\t\t<div class=\"elementor-widget-wrap elementor-element-populated\">\n\t\t\t\t\t\t<div class=\"elementor-element elementor-element-8daf540 sc_fly_static elementor-widget elementor-widget-video\" data-id=\"8daf540\" data-element_type=\"widget\" data-settings=\"{&quot;video_type&quot;:&quot;hosted&quot;,&quot;autoplay&quot;:&quot;yes&quot;,&quot;play_on_mobile&quot;:&quot;yes&quot;,&quot;mute&quot;:&quot;yes&quot;,&quot;loop&quot;:&quot;yes&quot;}\" data-widget_type=\"video.default\">\n\t\t\t\t<div class=\"elementor-widget-container\">\n\t\t\t\t\t\t\t<div class=\"e-hosted-video elementor-wrapper elementor-open-inline\">\n\t\t\t\t\t<video class=\"elementor-video\" src=\"https:\/\/labohemmebodrum.com\/wp-content\/uploads\/2026\/01\/la-bohemme-hakkimizda.mp4\" autoplay=\"\" loop=\"\" muted=\"muted\" playsinline=\"\" controlsList=\"nodownload\"><\/video>\n\t\t\t\t<\/div>\n\t\t\t\t\t\t<\/div>\n\t\t\t\t<\/div>\n\t\t\t\t\t<\/div>\n\t\t<\/div>\n\t\t\t\t\t<\/div>\n\t\t<\/section>\n\t\t\t\t<section class=\"elementor-section elementor-top-section elementor-element elementor-element-75cce26 elementor-section-boxed elementor-section-height-default elementor-section-height-default sc_fly_static\" data-id=\"75cce26\" data-element_type=\"section\">\n\t\t\t\t\t\t<div class=\"elementor-container elementor-column-gap-extended\">\n\t\t\t\t\t<div class=\"elementor-column elementor-col-100 elementor-top-column elementor-element elementor-element-cadd119 sc_content_align_inherit sc_layouts_column_icons_position_left sc_fly_static\" data-id=\"cadd119\" data-element_type=\"column\">\n\t\t\t<div class=\"elementor-widget-wrap elementor-element-populated\">\n\t\t\t\t\t\t<div class=\"elementor-element elementor-element-23d5b02 sc_height_medium sc_fly_static elementor-widget elementor-widget-spacer\" data-id=\"23d5b02\" data-element_type=\"widget\" data-widget_type=\"spacer.default\">\n\t\t\t\t<div class=\"elementor-widget-container\">\n\t\t\t\t\t\t\t<div class=\"elementor-spacer\">\n\t\t\t<div class=\"elementor-spacer-inner\"><\/div>\n\t\t<\/div>\n\t\t\t\t\t\t<\/div>\n\t\t\t\t<\/div>\n\t\t\t\t<div class=\"elementor-element elementor-element-9bbc595 gallery-spacing-custom sc_fly_static elementor-widget elementor-widget-image-gallery\" data-id=\"9bbc595\" data-element_type=\"widget\" data-widget_type=\"image-gallery.default\">\n\t\t\t\t<div class=\"elementor-widget-container\">\n\t\t\t\t\t\t\t<div class=\"elementor-image-gallery\">\n\t\t\t<div id='gallery-1' class='gallery galleryid-23371 gallery-columns-4 gallery-size-thumbnail'><figure class='gallery-item'>\n\t\t\t<div class='gallery-icon portrait'>\n\t\t\t\t<a data-elementor-open-lightbox=\"yes\" data-elementor-lightbox-slideshow=\"9bbc595\" data-elementor-lightbox-title=\"_GRN6754\" data-e-action-hash=\"#elementor-action%3Aaction%3Dlightbox%26settings%3DeyJpZCI6MjM1ODQsInVybCI6Imh0dHBzOlwvXC9sYWJvaGVtbWVib2RydW0uY29tXC93cC1jb250ZW50XC91cGxvYWRzXC8yMDI2XC8wMVwvR1JONjc1NC53ZWJwIiwic2xpZGVzaG93IjoiOWJiYzU5NSJ9\" href='https:\/\/labohemmebodrum.com\/wp-content\/uploads\/2026\/01\/GRN6754.webp'><img decoding=\"async\" width=\"150\" height=\"150\" src=\"https:\/\/labohemmebodrum.com\/wp-content\/uploads\/2026\/01\/GRN6754-150x150.webp\" class=\"attachment-thumbnail size-thumbnail\" alt=\"\" srcset=\"https:\/\/labohemmebodrum.com\/wp-content\/uploads\/2026\/01\/GRN6754-150x150.webp 150w, https:\/\/labohemmebodrum.com\/wp-content\/uploads\/2026\/01\/GRN6754-120x120.webp 120w, https:\/\/labohemmebodrum.com\/wp-content\/uploads\/2026\/01\/GRN6754-370x370.webp 370w\" sizes=\"(max-width: 150px) 100vw, 150px\" \/><\/a>\n\t\t\t<\/div><\/figure><figure class='gallery-item'>\n\t\t\t<div class='gallery-icon portrait'>\n\t\t\t\t<a data-elementor-open-lightbox=\"yes\" data-elementor-lightbox-slideshow=\"9bbc595\" data-elementor-lightbox-title=\"_GRN7057\" data-e-action-hash=\"#elementor-action%3Aaction%3Dlightbox%26settings%3DeyJpZCI6MjM1ODUsInVybCI6Imh0dHBzOlwvXC9sYWJvaGVtbWVib2RydW0uY29tXC93cC1jb250ZW50XC91cGxvYWRzXC8yMDI2XC8wMVwvR1JONzA1Ny53ZWJwIiwic2xpZGVzaG93IjoiOWJiYzU5NSJ9\" href='https:\/\/labohemmebodrum.com\/wp-content\/uploads\/2026\/01\/GRN7057.webp'><img decoding=\"async\" width=\"150\" height=\"150\" src=\"https:\/\/labohemmebodrum.com\/wp-content\/uploads\/2026\/01\/GRN7057-150x150.webp\" class=\"attachment-thumbnail size-thumbnail\" alt=\"\" srcset=\"https:\/\/labohemmebodrum.com\/wp-content\/uploads\/2026\/01\/GRN7057-150x150.webp 150w, https:\/\/labohemmebodrum.com\/wp-content\/uploads\/2026\/01\/GRN7057-120x120.webp 120w, https:\/\/labohemmebodrum.com\/wp-content\/uploads\/2026\/01\/GRN7057-370x370.webp 370w\" sizes=\"(max-width: 150px) 100vw, 150px\" \/><\/a>\n\t\t\t<\/div><\/figure><figure class='gallery-item'>\n\t\t\t<div class='gallery-icon portrait'>\n\t\t\t\t<a data-elementor-open-lightbox=\"yes\" data-elementor-lightbox-slideshow=\"9bbc595\" data-elementor-lightbox-title=\"_GRN6531\" data-e-action-hash=\"#elementor-action%3Aaction%3Dlightbox%26settings%3DeyJpZCI6MjM1ODYsInVybCI6Imh0dHBzOlwvXC9sYWJvaGVtbWVib2RydW0uY29tXC93cC1jb250ZW50XC91cGxvYWRzXC8yMDI2XC8wMVwvR1JONjUzMS53ZWJwIiwic2xpZGVzaG93IjoiOWJiYzU5NSJ9\" href='https:\/\/labohemmebodrum.com\/wp-content\/uploads\/2026\/01\/GRN6531.webp'><img decoding=\"async\" width=\"150\" height=\"150\" src=\"https:\/\/labohemmebodrum.com\/wp-content\/uploads\/2026\/01\/GRN6531-150x150.webp\" class=\"attachment-thumbnail size-thumbnail\" alt=\"\" srcset=\"https:\/\/labohemmebodrum.com\/wp-content\/uploads\/2026\/01\/GRN6531-150x150.webp 150w, https:\/\/labohemmebodrum.com\/wp-content\/uploads\/2026\/01\/GRN6531-120x120.webp 120w, https:\/\/labohemmebodrum.com\/wp-content\/uploads\/2026\/01\/GRN6531-370x370.webp 370w\" sizes=\"(max-width: 150px) 100vw, 150px\" \/><\/a>\n\t\t\t<\/div><\/figure><figure class='gallery-item'>\n\t\t\t<div class='gallery-icon portrait'>\n\t\t\t\t<a data-elementor-open-lightbox=\"yes\" data-elementor-lightbox-slideshow=\"9bbc595\" data-elementor-lightbox-title=\"_GRN6561\" data-e-action-hash=\"#elementor-action%3Aaction%3Dlightbox%26settings%3DeyJpZCI6MjM1ODcsInVybCI6Imh0dHBzOlwvXC9sYWJvaGVtbWVib2RydW0uY29tXC93cC1jb250ZW50XC91cGxvYWRzXC8yMDI2XC8wMVwvR1JONjU2MS53ZWJwIiwic2xpZGVzaG93IjoiOWJiYzU5NSJ9\" href='https:\/\/labohemmebodrum.com\/wp-content\/uploads\/2026\/01\/GRN6561.webp'><img loading=\"lazy\" decoding=\"async\" width=\"150\" height=\"150\" src=\"https:\/\/labohemmebodrum.com\/wp-content\/uploads\/2026\/01\/GRN6561-150x150.webp\" class=\"attachment-thumbnail size-thumbnail\" alt=\"\" srcset=\"https:\/\/labohemmebodrum.com\/wp-content\/uploads\/2026\/01\/GRN6561-150x150.webp 150w, https:\/\/labohemmebodrum.com\/wp-content\/uploads\/2026\/01\/GRN6561-120x120.webp 120w, https:\/\/labohemmebodrum.com\/wp-content\/uploads\/2026\/01\/GRN6561-370x370.webp 370w\" sizes=\"(max-width: 150px) 100vw, 150px\" \/><\/a>\n\t\t\t<\/div><\/figure><figure class='gallery-item'>\n\t\t\t<div class='gallery-icon landscape'>\n\t\t\t\t<a data-elementor-open-lightbox=\"yes\" data-elementor-lightbox-slideshow=\"9bbc595\" data-elementor-lightbox-title=\"_GRN6579\" data-e-action-hash=\"#elementor-action%3Aaction%3Dlightbox%26settings%3DeyJpZCI6MjM1ODgsInVybCI6Imh0dHBzOlwvXC9sYWJvaGVtbWVib2RydW0uY29tXC93cC1jb250ZW50XC91cGxvYWRzXC8yMDI2XC8wMVwvR1JONjU3OS53ZWJwIiwic2xpZGVzaG93IjoiOWJiYzU5NSJ9\" href='https:\/\/labohemmebodrum.com\/wp-content\/uploads\/2026\/01\/GRN6579.webp'><img loading=\"lazy\" decoding=\"async\" width=\"150\" height=\"150\" src=\"https:\/\/labohemmebodrum.com\/wp-content\/uploads\/2026\/01\/GRN6579-150x150.webp\" class=\"attachment-thumbnail size-thumbnail\" alt=\"\" srcset=\"https:\/\/labohemmebodrum.com\/wp-content\/uploads\/2026\/01\/GRN6579-150x150.webp 150w, https:\/\/labohemmebodrum.com\/wp-content\/uploads\/2026\/01\/GRN6579-120x120.webp 120w, https:\/\/labohemmebodrum.com\/wp-content\/uploads\/2026\/01\/GRN6579-370x370.webp 370w\" sizes=\"(max-width: 150px) 100vw, 150px\" \/><\/a>\n\t\t\t<\/div><\/figure><figure class='gallery-item'>\n\t\t\t<div class='gallery-icon landscape'>\n\t\t\t\t<a data-elementor-open-lightbox=\"yes\" data-elementor-lightbox-slideshow=\"9bbc595\" data-elementor-lightbox-title=\"_GRN6617\" data-e-action-hash=\"#elementor-action%3Aaction%3Dlightbox%26settings%3DeyJpZCI6MjM1ODksInVybCI6Imh0dHBzOlwvXC9sYWJvaGVtbWVib2RydW0uY29tXC93cC1jb250ZW50XC91cGxvYWRzXC8yMDI2XC8wMVwvR1JONjYxNy53ZWJwIiwic2xpZGVzaG93IjoiOWJiYzU5NSJ9\" href='https:\/\/labohemmebodrum.com\/wp-content\/uploads\/2026\/01\/GRN6617.webp'><img loading=\"lazy\" decoding=\"async\" width=\"150\" height=\"150\" src=\"https:\/\/labohemmebodrum.com\/wp-content\/uploads\/2026\/01\/GRN6617-150x150.webp\" class=\"attachment-thumbnail size-thumbnail\" alt=\"\" srcset=\"https:\/\/labohemmebodrum.com\/wp-content\/uploads\/2026\/01\/GRN6617-150x150.webp 150w, https:\/\/labohemmebodrum.com\/wp-content\/uploads\/2026\/01\/GRN6617-120x120.webp 120w, https:\/\/labohemmebodrum.com\/wp-content\/uploads\/2026\/01\/GRN6617-370x370.webp 370w\" sizes=\"(max-width: 150px) 100vw, 150px\" \/><\/a>\n\t\t\t<\/div><\/figure><figure class='gallery-item'>\n\t\t\t<div class='gallery-icon portrait'>\n\t\t\t\t<a data-elementor-open-lightbox=\"yes\" data-elementor-lightbox-slideshow=\"9bbc595\" data-elementor-lightbox-title=\"_GRN6716\" data-e-action-hash=\"#elementor-action%3Aaction%3Dlightbox%26settings%3DeyJpZCI6MjM1OTAsInVybCI6Imh0dHBzOlwvXC9sYWJvaGVtbWVib2RydW0uY29tXC93cC1jb250ZW50XC91cGxvYWRzXC8yMDI2XC8wMVwvR1JONjcxNi53ZWJwIiwic2xpZGVzaG93IjoiOWJiYzU5NSJ9\" href='https:\/\/labohemmebodrum.com\/wp-content\/uploads\/2026\/01\/GRN6716.webp'><img loading=\"lazy\" decoding=\"async\" width=\"150\" height=\"150\" src=\"https:\/\/labohemmebodrum.com\/wp-content\/uploads\/2026\/01\/GRN6716-150x150.webp\" class=\"attachment-thumbnail size-thumbnail\" alt=\"\" srcset=\"https:\/\/labohemmebodrum.com\/wp-content\/uploads\/2026\/01\/GRN6716-150x150.webp 150w, https:\/\/labohemmebodrum.com\/wp-content\/uploads\/2026\/01\/GRN6716-120x120.webp 120w, https:\/\/labohemmebodrum.com\/wp-content\/uploads\/2026\/01\/GRN6716-370x370.webp 370w\" sizes=\"(max-width: 150px) 100vw, 150px\" \/><\/a>\n\t\t\t<\/div><\/figure><figure class='gallery-item'>\n\t\t\t<div class='gallery-icon portrait'>\n\t\t\t\t<a data-elementor-open-lightbox=\"yes\" data-elementor-lightbox-slideshow=\"9bbc595\" data-elementor-lightbox-title=\"03-08-2025-LaBohemme - 094\" data-e-action-hash=\"#elementor-action%3Aaction%3Dlightbox%26settings%3DeyJpZCI6MjM1OTEsInVybCI6Imh0dHBzOlwvXC9sYWJvaGVtbWVib2RydW0uY29tXC93cC1jb250ZW50XC91cGxvYWRzXC8yMDI2XC8wMVwvMDMtMDgtMjAyNS1MYUJvaGVtbWUtMDk0LndlYnAiLCJzbGlkZXNob3ciOiI5YmJjNTk1In0%3D\" href='https:\/\/labohemmebodrum.com\/wp-content\/uploads\/2026\/01\/03-08-2025-LaBohemme-094.webp'><img loading=\"lazy\" decoding=\"async\" width=\"150\" height=\"150\" src=\"https:\/\/labohemmebodrum.com\/wp-content\/uploads\/2026\/01\/03-08-2025-LaBohemme-094-150x150.webp\" class=\"attachment-thumbnail size-thumbnail\" alt=\"\" srcset=\"https:\/\/labohemmebodrum.com\/wp-content\/uploads\/2026\/01\/03-08-2025-LaBohemme-094-150x150.webp 150w, https:\/\/labohemmebodrum.com\/wp-content\/uploads\/2026\/01\/03-08-2025-LaBohemme-094-120x120.webp 120w, https:\/\/labohemmebodrum.com\/wp-content\/uploads\/2026\/01\/03-08-2025-LaBohemme-094-370x370.webp 370w\" sizes=\"(max-width: 150px) 100vw, 150px\" \/><\/a>\n\t\t\t<\/div><\/figure>\n\t\t<\/div>\n\t\t<\/div>\n\t\t\t\t\t\t<\/div>\n\t\t\t\t<\/div>\n\t\t\t\t<div class=\"elementor-element elementor-element-2666a46 sc_height_medium sc_fly_static elementor-widget elementor-widget-spacer\" data-id=\"2666a46\" data-element_type=\"widget\" data-widget_type=\"spacer.default\">\n\t\t\t\t<div class=\"elementor-widget-container\">\n\t\t\t\t\t\t\t<div class=\"elementor-spacer\">\n\t\t\t<div class=\"elementor-spacer-inner\"><\/div>\n\t\t<\/div>\n\t\t\t\t\t\t<\/div>\n\t\t\t\t<\/div>\n\t\t\t\t\t<\/div>\n\t\t<\/div>\n\t\t\t\t\t<\/div>\n\t\t<\/section>\n\t\t\t\t<\/div>\n\t\t","protected":false},"excerpt":{"rendered":"<p>Page (post) title Beach &#038; bar G\u00fcne\u015fin alt\u0131nda taze lezzetler, denizin mavili\u011finde zarif tabaklar\u2026 G\u00fcnd\u00fcz men\u00fcs\u00fc; Bodrum\u2019un hafifli\u011fini, Ege\u2019nin do\u011fall\u0131\u011f\u0131n\u0131 ve Akdeniz\u2019in renkli ruhunu bir araya getiriyor.S\u0131cak kumlar\u0131n \u00fcst\u00fcnde uzan\u0131rken,&hellip;<\/p>\n","protected":false},"author":1,"featured_media":0,"parent":0,"menu_order":0,"comment_status":"closed","ping_status":"closed","template":"","meta":{"footnotes":""},"class_list":["post-23371","page","type-page","status-publish","hentry"],"_links":{"self":[{"href":"https:\/\/labohemmebodrum.com\/index.php?rest_route=\/wp\/v2\/pages\/23371","targetHints":{"allow":["GET"]}}],"collection":[{"href":"https:\/\/labohemmebodrum.com\/index.php?rest_route=\/wp\/v2\/pages"}],"about":[{"href":"https:\/\/labohemmebodrum.com\/index.php?rest_route=\/wp\/v2\/types\/page"}],"author":[{"embeddable":true,"href":"https:\/\/labohemmebodrum.com\/index.php?rest_route=\/wp\/v2\/users\/1"}],"replies":[{"embeddable":true,"href":"https:\/\/labohemmebodrum.com\/index.php?rest_route=%2Fwp%2Fv2%2Fcomments&post=23371"}],"version-history":[{"count":19,"href":"https:\/\/labohemmebodrum.com\/index.php?rest_route=\/wp\/v2\/pages\/23371\/revisions"}],"predecessor-version":[{"id":23598,"href":"https:\/\/labohemmebodrum.com\/index.php?rest_route=\/wp\/v2\/pages\/23371\/revisions\/23598"}],"wp:attachment":[{"href":"https:\/\/labohemmebodrum.com\/index.php?rest_route=%2Fwp%2Fv2%2Fmedia&parent=23371"}],"curies":[{"name":"wp","href":"https:\/\/api.w.org\/{rel}","templated":true}]}}